se 0 = 2*d - l - 16 - 5, h*d + l = 63. What are the prime factors of d?
2, 3
Suppose 9*a - 4*a - 95 = 0. Let p = 73 + -42. Let u = p - a. List the prime factors of u.
2, 3
Let h(r) = -10*r**3 + 3*r**2 - 3*r - 5. Let i(z) = 5*z**3 - z**2 + z + 2. Let v(d) = 2*h(d) + 5*i(d). Let u = -2 - -3. List the prime factors of v(u).
5
Suppose -2*i - 4*q + 6 = 0, 3*i - i = -q - 6. Let d = 11 - i. List the prime factors of d.
2
Let v(m) = m + 3. Let j be v(-4). Let o = 7 + j. What are the prime factors of o?
2, 3
Let b be (30/9)/(2/3). Suppose -i = i + 10, -b*m + 110 = -2*i. What are the prime factors of m?
2, 5
Let x(j) = -6*j - 5*j + 7*j - 19. What are the prime factors of x(-17)?
7
Let w(p) = -2*p**3 + 4*p**3 + 2 + p**2 - p**3. Let x(y) = -y**2 - 7*y - 6. Let l be x(-6). List the prime factors of w(l).
2
Let g be 8/(-20) - (-8)/(-5). Let h = g - -4. What are the prime factors of h?
2
Let i(h) = 6*h**2 + 1. Suppose 0*y + 5*y + 10 = 0. List the prime factors of i(y).
5
Let c(z) = z. Let g be c(-6). Let l(p) = -2*p + 3. List the prime factors of l(g).
3, 5
Let p = 69 + -34. List the prime factors of p.
5, 7
Suppose -2*k - 14 + 74 = 0. Suppose 8*d - k = 3*d. List the prime factors of d.
2, 3
Suppose 2*t = -3*t + 20. Suppose -3*v + t = -v. Suppose 15 = -v*g + 3*g. List the prime factors of g.
3, 5
Let z = -35 - -40. List the prime factors of z.
5
Let j be (1 - 3/3) + -2. Let b be j/9 - 129/27. List the prime factors of (b + 2)*(-20)/6.
2, 5
Let t be 2/((-1 - -3) + 0). Let f be -4 + t + (-23)/(-1). Suppose 0 = -3*i - 2*i + f. List the prime factors of i.
2
Let s = 4 + -4. Suppose s*m + 3*m - 6 = 0. List the prime factors of m.
2
Let m(d) = -d**2 + 5*d - 3. Let o be m(3). Suppose -4*b - 122 = 2*z, -z + 5*z = o*b + 86. Let k = -20 - b. List the prime factors of k.
2, 5
Let a(d) = -d**2 + 31*d + 52. What are the prime factors of a(25)?
2, 101
Suppose -d - 10 = 4*d. Let k(t) = t + 1. Let g(u) = 5*u - 5. Let i(m) = d*k(m) + g(m). What are the prime factors of i(5)?
2
Suppose 0 = 12*h - 8*h + 64. Let t = 23 + h. List the prime factors of t.
7
Let m = 14 - -20. What are the prime factors of m?
2, 17
Suppose 3*a = -3*f + 564, 2*f = -4*a - 252 + 996. What are the prime factors of a?
2, 23
List the prime factors of 104 - (3 - (-1 - (-1 + -2))).
103
Let w(g) = g**2 - 6*g - 1. Let o(i) = 3*i**2 - 11*i - 1. Let n(h) = -2*o(h) + 5*w(h). What are the prime factors of n(-6)?
3
Suppose 0 = -5*f + f. Suppose f*a + 4*a + 11 = -n, -2*n = -4*a + 46. Let p = n + 28. List the prime factors of p.
3
Let u(k) be the second derivative of -k**4/12 + 5*k**3/3 - 3*k**2/2 - 3*k. What are the prime factors of u(8)?
13
Suppose 3*b + 4*c - 116 = b, 4*b - 2*c = 192. List the prime factors of b.
2, 5
Suppose -7 + 1 = -2*u. Suppose 3*f - 5*n - 167 = -f, u*f - 108 = -2*n. What are the prime factors of f?
2, 19
Let o = 162 - 111. Suppose 5*c = 34 + o. List the prime factors of c.
17
Let h(x) be the second derivative of -x**4/12 - 4*x**3/3 - 4*x**2 + x. Let k be -7 - (3 + 0 + -4). List the prime factors of h(k).
2
Suppose -15*f = -19*f + 48. Suppose 0 = -4*i - a + 7 - 1, -5*a - f = -i. What are the prime factors of i?
2
Suppose -101 = -5*s - 21. List the prime factors of s.
2
Suppose 3*w = 1 + 5. Suppose w*m = -0*m + 6. List the prime factors of m.
3
Suppose -5*l = 5*w - 270, 2*w + 5*l - 23 = 70. List the prime factors of w.
59
Suppose a = -3*a + 36. What are the prime factors of a?
3
Let m(j) = j**3 + 31*j**2 - 6*j + 11. Let a(o) = -6*o**2 + o - 2. Let s(l) = 11*a(l) + 2*m(l). List the prime factors of s(3).
3, 5
Let m be (-4)/(2/(-2)) + 2. Let k = 15 + m. What are the prime factors of k?
3, 7
Let y(w) = -w**3 - 6*w**2 + 2*w - 8. What are the prime factors of y(-7)?
3
What are the prime factors of 36 + (-2 + 8)/(-2)?
3, 11
Let y be 2 + -5 + 1 - -30. Let n = y - -9. What are the prime factors of n?
37
Let n = 0 + 0. Suppose 13 = -3*a + 2*s, 5*a - s + 13 - 3 = n. List the prime factors of 7*2 + (-3 - a).
2, 3
Suppose -4*u + 142 + 326 = 0. Suppose -4*o - u = -5*f, 2*f + 2*o = -3*o + 27. List the prime factors of f.
3, 7
Let q(r) = r**2 + 7*r + 6. What are the prime factors of q(-8)?
2, 7
Let o = -14 - -18. Let d(q) = 3*q - 4. Let j be d(5). Let i = j - o. What are the prime factors of i?
7
Let w be -2 + -69*4/(-12). Let k = -8 + w. What are the prime factors of k?
13
Let w(x) = -x**3 - 5*x**2 - 6. What are the prime factors of w(-6)?
2, 3, 5
Let w(d) = 66*d**3 - d + 2. List the prime factors of w(1).
67
Let g = -6 + 13. Suppose 0 = 4*u - 3*v - 32, 3*v - 8 = 3*u - g*u. List the prime factors of u.
5
Let x = -178 - -391. What are the prime factors of x?
3, 71
Let i = -4 + 4. Suppose i = -0*c + 5*c. Suppose c = 2*w - 0*w - 24. List the prime factors of w.
2, 3
Let q(h) = 2*h**3 - 6*h**2 + h + 4. Let v be q(4). List the prime factors of 464/v - (-2)/5.
2, 3
Let s = -11 - -7. Let i = -1 - s. List the prime factors of 1 - 1 - (-36)/i.
2, 3
Let d(r) = 2*r**3 + 11*r**2 - 11*r - 5. Let z(b) = b**3 - b + 1. Let l(w) = d(w) - 3*z(w). What are the prime factors of l(10)?
2, 3
Let v(i) = 4*i**3 + i**2 + 4*i + 1. Let q(z) = -7*z**3 - z**2 - 7*z - 2. Let j(k) = -3*q(k) - 5*v(k). What are the prime factors of j(2)?
3
Suppose -55 = -3*x + 3*u - 1, 3*u = 12. Suppose -5*k = 89 - 24. Let j = x + k. What are the prime factors of j?
3
Suppose 0 = 4*l - 2 + 10. Let q be 1*22 - (l - -4). What are the prime factors of (-5)/q - (-25)/4?
2, 3
Suppose b + 17 = 3*f, 5*f + 2*b - 15 = -3*b. Suppose -f*d - 33 = -123. Suppose 0 = 3*p - 3*x + x - 10, -4*p + d = -5*x. What are the prime factors of p?
2
Suppose 6*d - d - 30 = 0. Suppose -5*w - d + 1 = 0. What are the prime factors of ((-3)/4)/w*4?
3
Suppose -5*m - 50 = -2*a, 4*a - 2*a - 50 = m. Let w = -11 + a. What are the prime factors of w?
2, 7
Let l be (-3 - -2 - 2)*-8. Suppose 3*i - i = -l. Let y = i + 17. List the prime factors of y.
5
Let u = 6 + -4. Suppose -d - 2*x + u = -9, -4*x - 41 = -5*d. List the prime factors of d.
3
Let m(g) = g + 23. List the prime factors of m(-7).
2
List the prime factors of 9/3*11/1.
3, 11
Let b(f) = 2*f**2 - 4*f - 1. Let j be b(3). Suppose -2*v - 2 = -2*x - 4, -13 = x - j*v. Let k = 2 + x. List the prime factors of k.
2
Suppose -i + 420 = 30. List the prime factors of i.
2, 3, 5, 13
Let y(f) = f**3 - 6*f**2 - 2*f - 7. Let j be y(7). Suppose -l + 5*l - j = 0. What are the prime factors of l?
7
Let m be (-440)/(-16)*(1 - 3). Let w = -36 - m. List the prime factors of w.
19
Let i be 2*(1 - (-35)/(-2)). Let m = -21 - i. List the prime factors of m.
2, 3
Suppose -120 = 4*w - 7*w - 2*i, 5*w = i + 200. What are the prime factors of w?
2, 5
List the prime factors of -1 + (30/8)/(7/224).
7, 17
Let i(j) = j**2 - 2*j - 4. Let a be i(4). Suppose 2 = a*v + 5*p + 12, 4 = 4*v - 2*p. Suppose v*d - 39 = -3*d. What are the prime factors of d?
13
Let h(q) be the third derivative of -5*q**4/12 - q**3/3 + 2*q**2. List the prime factors of h(-2).
2, 3
Let g be ((-2)/3)/((-4)/(-6)). Let b(s) = s + 1. Let n be b(3). Let l = n + g. List the prime factors of l.
3
Suppose -8 = -2*p + 14. What are the prime factors of p?
11
Suppose 3*h = 4*u + 23, 2*h = u + 11 + 6. Suppose 3*z + h - 39 = 0. List the prime factors of z.
2, 5
Let x = 6 - 4. Suppose -x*m - 2*m = -60. Suppose n = -2*n + m. List the prime factors of n.
5
Let m = -18 + 10. Let w = m - -12. What are the prime factors of w?
2
Let z = 419 + -290. What are the prime factors of z?
3, 43
Let x be 5*((-3 - -2) + 2). Suppose 3*r - 4 = x. Suppose 7*m - 8 = r*m. List the prime factors of m.
2
Let w be (-1)/(-3) + 3/(-9). Suppose w = -5*v + 10, -j - 3*j - 4*v = -152. Let x = j - 26. What are the prime factors of x?
2, 5
Suppose -280 = -7*b + 2*b. What are the prime factors of b?
2, 7
List the prime factors of 1316/(-21)*(-6)/4.
2, 47
Let c(d) = d**3 - 6. Let a be c(0). Let t = 60 + -102. List the prime factors of (-2)/a*t/(-2).
7
Let u be (-80)/(-36) - 6/27. Suppose -u*o = -35 - 23. What are the prime factors of o?
29
Let g(u) = -u**2 + 16*u - 22. What are the prime factors of g(11)?
3, 11
Let f(y) = -16*y + 17. List the prime factors of f(-5).
97
Suppose -944 = -7*f + 449. List the prime factors of f.
199
Let a = 3 + -2. Suppose 2*b = 7 - a. What are the prime factors of b?
3
Suppose -2*p - 48 = 2*p. Let l = p + 5. Let 